what is 1 - 63231?
-63230
In base 2, what is -1001000111000110 - -1?
-1001000111000101
In base 5, what is -14012 + -11324?
-30341
In base 8, what is 7156 + -327?
6627
In base 15, what is 63d + 8c?
6ca
In base 4, what is 31310 + -11022?
20222
In base 10, what is -3 - -241421?
241418
In base 9, what is 175621 + 0?
175621
In base 15, what is -4d631 + -10?
-4d641
In base 6, what is -125411 - -404?
-125003
In base 8, what is -3 + -10607?
-10612
In base 13, what is 5 + 3c3c?
3c44
In base 13, what is -496211 - 1?
-496212
In base 6, what is -3 + -323040?
-323043
In base 15, what is -6e3 - 1b?
-70e
In base 9, what is -257 - -18?
-238
In base 16, what is -23c0c - 9?
-23c15
In base 13, what is -7 + -13757c?
-137586
In base 8, what is -33 + -12335?
-12370
In base 13, what is 0 - -31838?
31838
In base 2, what is -1110010 + 111011000010?
111001010000
In base 7, what is 36 + 12030?
12066
In base 7, what is -3 + -3112123?
-3112126
In base 13, what is -1b6 - -48?
-16b
In base 14, what is 2031 - 3?
202c
In base 14, what is 45a1 - -4?
45a5
In base 15, what is 540a - 2e?
53cb
In base 9, what is 16 - -121645?
121662
In base 7, what is -1121 + 16?
-1102
In base 14, what is 3 + 174c?
1751
In base 14, what is 1 + 202b?
202c
In base 9, what is -1166 - 63?
-1240
In base 6, what is -21 - 54303?
-54324
In base 9, what is -304 - 280?
-584
In base 7, what is -413 + 326?
-54
In base 9, what is -337441 + 21?
-337420
In base 12, what is -91a7 + a5?
-9102
In base 16, what is 12 - 32?
-20
In base 2, what is -101100111101000000 - -100?
-101100111100111100
In base 9, what is -3 - 1668137?
-1668141
In base 15, what is 3c1c8 + -3?
3c1c5
In base 12, what is -125ba - -3?
-125b7
In base 10, what is -343 - -37?
-306
In base 2, what is 101111000010101100010 - -10?
101111000010101100100
In base 7, what is 0 - 164661?
-164661
In base 2, what is -100 - -101000000110110111?
101000000110110011
In base 10, what is -4329 + 17?
-4312
In base 2, what is 10111001 + -10010011110?
-1111100101
In base 8, what is -765672 - -2?
-765670
In base 10, what is 1 + 833825?
833826
In base 5, what is 4 + -24441112?
-24441103
In base 13, what is 596 + 72?
638
In base 2, what is -11 + -10101111101001010?
-10101111101001101
In base 11, what is 24977 - 0?
24977
In base 5, what is 24 + 1034441?
1040020
In base 6, what is -10152 + 5?
-10143
In base 7, what is -211426 + 20?
-211406
In base 11, what is -820 - -44?
-787
In base 3, what is -20221211010 + 10?
-20221211000
In base 13, what is -1873 - 4c?
-18c2
In base 10, what is 4 - 13858?
-13854
In base 4, what is -13100112 + 3?
-13100103
In base 8, what is 140 - 14325?
-14165
In base 12, what is 22041 - -7?
22048
In base 3, what is 1021222012 + 1?
1021222020
In base 7, what is -4 - -3160216?
3160212
In base 2, what is 1010001001111 - -111000?
1010010000111
In base 3, what is 12211011 + 102121?
20020202
In base 8, what is -55 + -125564?
-125641
In base 13, what is -1c - -10aa?
108b
In base 12, what is -2989 + 0?
-2989
In base 6, what is -2425 + 331?
-2054
In base 2, what is -1110011 + 11111?
-1010100
In base 11, what is -87621 + 0?
-87621
In base 5, what is 24023 - 3?
24020
In base 14, what is -129 + 5d7?
4ac
In base 9, what is 6741 + -6?
6734
In base 11, what is -820 + 19?
-802
In base 16, what is 6dc - -46b?
b47
In base 14, what is 2 + -28322?
-28320
In base 10, what is 4 + -2775?
-2771
In base 8, what is -666170 + 2?
-666166
In base 4, what is 2 - 311032?
-311030
In base 14, what is -7cd8 - -c?
-7cca
In base 11, what is 2a78 - -172?
313a
In base 3, what is 10221010 - -210?
10221220
In base 13, what is a81 - 12?
a6c
In base 11, what is 8 + -96a77?
-96a6a
In base 14, what is 3 + 140d?
1412
In base 10, what is -94799 + 2?
-94797
In base 10, what is 41813 + -2?
41811
In base 14, what is 3 - 6923?
-6920
In base 8, what is 2535 + -454?
2061
In base 4, what is 11 - -310213313?
310213330
In base 14, what is 75b6b7 + 2?
75b6b9
In base 11, what is 241221 + 20?
241241
In base 4, what is -311 + 23311331?
23311020
In base 6, what is -1420144 + 32?
-1420112
In base 10, what is 18941 + -3?
18938
In base 14, what is 8 + -13588?
-13580
In base 14, what is 2 - -102d1?
102d3
In base 9, what is 450127 + 0?
450127
In base 12, what is -a007 + 2?
-a005
In base 2, what is -10 - 10100001011000?
-10100001011010
In base 9, what is 11 + 57313?
57324
In base 15, what is 3 - 51bb?
-51b8
In base 7, what is 22414 + 1?
22415
In base 3, what is -110011 - 112?
-110200
In base 13, what is -606 + -6c?
-675
In base 8, what is -10601 - 331?
-11132
In base 10, what is -83 + -765?
-848
In base 6, what is -1 - -41102?
41101
In base 3, what is -11 - 1120011001202?
-1120011001220
In base 11, what is 155441 - 3?
155439
In base 3, what is 120202220020000 - 10?
120202220012220
In base 16, what is -493b + 0?
-493b
In base 14, what is -3da9 - -3?
-3da6
In base 4, what is -10110 + -302020?
-312130
In base 6, what is -2 - -230254?
230252
In base 15, what is -4332 - 7d?
-43b0
In base 14, what is -4 - -245c2?
245bc
In base 9, what is -3 - 241568?
-241572
In base 7, what is -121 + 6102?
5651
In base 12, what is 3603 - 18?
35a7
In base 9, what is 23 - -1348?
1372
In base 13, what is -2 + -49ac?
-49b1
In base 2, what is 10001100100 - 1111110?
1111100110
In base 2, what is 1101110011000110001011 + 0?
1101110011000110001011
In base 13, what is 318 + -17?
301
In base 10, what is -183 - -1525?
1342
In base 16, what is 6bb - -eb?
7a6
In base 13, what is 3755c + 4?
37563
In base 14, what is 50 + 9b9?
a29
In base 6, what is 13234505 - -4?
13234513
In base 12, what is -3 + -4b24?
-4b27
In base 5, what is 4 + 234314?
234323
In base 14, what is 8b - 47?
44
In base 3, what is 11 - -1111110111121?
1111110111202
In base 2, what is -101001101111110110 - 1?
-101001101111110111
In base 2, what is 111101101010011 + -1010?
111101101001001
In base 8, what is 2 - -165426?
165430
In base 13, what is 4a2 + c3?
595
In base 13, what is -620150 + 5?
-620148
In base 9, what is -2 - -555157?
555155
In base 16, what is -2ea4 - -2d?
-2e77
In base 6, what is 205 - -5534?
10143
In base 10, what is -44305 + 9?
-44296
In base 12, what is -1 - 5313?
-5314
In base 14, what is -1 - -7a00?
79dd
In base 7, what is -12316 + 53?
-12233
In base 7, what is -11 + 120435?
120424
In base 12, what is 674 + -27?
649
In base 14, what is -6c2 + -278?
-95a
In base 2, what is -1000100010010 + -10001011?
-1000110011101
In base 9, what is 4 + -253054?
-253050
In base 4, what is -101110322 - -23?
-101110233
In base 15, what is 29 - 1a32?
-1a08
In base 10, what is -254 + -42?
-296
In base 13, what is 35 + -1a567?
-1a532
In base 14, what is 3 + a36b?
a370
In base 5, what is 20044 - -2111?
22210
In base 11, what is -504 + -114?
-618
In base 10, what is 790254 + 5?
790259
In base 3, what is 2 + 10010121?
10010200
In base 13, what is -3 + -436696?
-436699
In base 13, what is -5 + -22c49?
-22c51
In base 9, what is 148 - -4424?
4573
In base 9, what is -167081 - -3?
-167077
In base 10, what is -664755 - 0?
-664755
In base 16, what is 1a9b - -18?
1ab3
In base 6, what is 234334334 - 3?
234334331
In base 16, what is -754 - 11?
-765
In base 7, what is 113240 + 4?
113244
In base 12, what is 340 + 2128?
2468
In base 8, what is 2 + -2112157?
-2112155
In base 13, what is -497 - 25a?
-724
In base 3, what is -1222211 - 11?
-1222222
In base 13, what is 3246 + 3?
3249
In base 12, what is -b0 - 9571?
-9661
In base 3, what is 10210112 + 2?
10210121
In base 13, what is -7c5c4 + -3?
-7c5c7
In base 10, what is 602 - -357?
959
In base 16, what is -50 - 2693?
-26e3
In base 12, what is 2316 + 7a?
2394
In base 4, what is -111 - -1013113203?
1013113032
In base 8, what is 31521 - 5?
31514
In base 4, what is 120121220 + 113?
120121333
In base 3, what is 110121 + -10212?
22202
In base 16, what is 0 - 103a9?
-103a9
In base 8, what is 1220 - 164?
1034
In base 10, what is 4856 - -11?
4867
In base 12, what is 191a + 5?
1923
In base 9, what is -667 + 2428?
1651
In base 3, what is -2 + -100202012001?
-100202012010
In base 15, what is d5b + -6e?
cdc
In base 10, what is 1995111 + 4?
1995115
In base 14, what is 5 + 608bb?
608c2
In base 3, what is -110021010201 + 12?
-110021010112
In base 3, what is 10100021 + 22?
10100120
In base 6, what is -11300 - 102?
-11402
In base 13, what is 401ab0 - 5?
401aa8
In base 7,